1*-8?
True
Let p be 1 + 7 - -1*2. Suppose 4*w - p = -w. Suppose 3*q - 19 - w = -3*x, -q = 5*x - 27. Is x even?
False
Suppose 324 = 10*q - 6*q. Is q a multiple of 9?
True
Suppose -n + 4 = 3*n. Let k be n/(-3) + (-110)/(-6). Let d = -7 + k. Is d a multiple of 11?
True
Suppose -2*l - 59 + 205 = -2*z, 4*z - 134 = -2*l. Suppose -3*g - 3*m + 75 = 0, 4*m - l = -3*g - 0*g. Does 25 divide g?
False
Suppose 8*m = 4*m + 4. Is 19 a factor of 39 + 2 + 2*m?
False
Suppose -2*p - 12 = -5*p, -5*p = 5*i - 40. Suppose -5*u = 0, 0 = i*a + 2*u - 3*u - 128. Is a a multiple of 17?
False
Suppose -3*h = -0*h. Let y(t) = 23*t**3 - t. Let v be y(1). Let f = h + v. Is f a multiple of 11?
True
Suppose -2*v = -3*s - v + 21, -12 = 4*v. Let c = 6 - s. Let d = 5 - c. Does 3 divide d?
False
Is (0 + 4)*((-15)/(-12) + 1) a multiple of 8?
False
Let f = 3 + 25. Let v = f + -16. Is v a multiple of 8?
False
Let o = 38 + 115. Is 36 a factor of o?
False
Suppose -4*x + 5*a = -10, -5*x - 3*a + 1 - 7 = 0. Suppose -5*p + 61 = -2*p - 5*j, x = -3*p + 2*j + 73. Is 9 a factor of p?
True
Suppose 0*i - 2*w = 3*i - 156, 4*i + 2*w - 206 = 0. Suppose 0 = 3*h - i - 58. Does 18 divide h*(-3)/(-15)*5?
True
Suppose 2*q = -u + 6, 5 = -2*u - 3. Suppose 3*f + 2*z = -z, 5*f - q*z - 50 = 0. Is f even?
False
Let i(g) = -g**3 + 3*g**2 - 3*g. Let j be i(-3). Is 21 a factor of j*6/27*3?
True
Let o(r) = r**2 + 6*r + 6. Let j(x) = 5*x**2 + 24*x + 25. Let l(u) = 2*j(u) - 9*o(u). Is 6 a factor of l(8)?
True
Suppose -4*f = -2*b - 86, 2*b + 2*f + 46 = -2*f. Is 32 a factor of (b/(-9))/(3/99)?
False
Suppose 0 = -2*c + 4*c + 5*o + 13, 0 = -3*c + 2*o + 9. Is 12/c*9/3 a multiple of 12?
True
Suppose -120 - 36 = -t. Is 16 a factor of t?
False
Suppose -w - 2*h + 110 = 2*h, 2*h = -3*w + 380. Is 26 a factor of w?
True
Let v = -83 - -146. Suppose -j + 3*f = 3*j - 257, -f = -j + v. Is j a multiple of 17?
True
Suppose -4*z = 2*z - 396. Does 22 divide z?
True
Let q(c) = -2*c + 76. Let i be q(0). Suppose -5*b + i + 59 = 0. Is 9 a factor of b?
True
Let i(r) = r - 5. Let h be i(-7). Let m = -4 - h. Is m a multiple of 8?
True
Suppose 3*m - 28 = -m. Let n = m + 12. Is n a multiple of 19?
True
Let h = 13 + -9. Suppose h*b - 10 = 3*s - 62, -4*b = s + 52. Let p(i) = -2*i + 14. Is p(b) a multiple of 14?
False
Suppose 12 = 5*x - 13. Suppose -5*b + 2*i + 9 = 0, -3*b + i - 5*i = x. Does 11 divide b/(-2) - 90/(-4)?
True
Let h = -48 + 102. Is 18 a factor of h?
True
Suppose 0 = 15*i - 21*i + 204. Is 24 a factor of i?
False
Let c(d) = -d**2 + 17*d + 8. Let s be c(6). Let z(y) = -y**3 - 3*y**2 + 5*y + 6. Let x be z(-4). Suppose x*w - s = -0*w. Does 21 divide w?
False
Let f(l) = -4*l**2 - 5*l + 1 + 4*l + l**3 - 2. Let z be f(4). Let n(s) = s + 7. Does 2 divide n(z)?
True
Let d(l) = -l**2 + l + 2. Let h be d(0). Let u(f) = h*f + 3 + 10 - 2 + 0. Does 12 divide u(8)?
False
Let u(k) = k**3 - 5*k**2 + 2*k - 4 + 0*k**3 - k. Let r be u(5). Suppose 12 = d + r. Is d a multiple of 11?
True
Let h(z) = z - 10. Let w = 1 - -6. Let o be h(w). Does 11 divide 29 + (3/o - 2)?
False
Let x = 0 - -2. Suppose 2*n + 80 = -x*n - 5*j, -80 = 4*n + 2*j. Let f = 10 - n. Is f a multiple of 15?
True
Let m = 3 + -9. Let c(l) = -l**2 - 14*l - 6. Let i be c(m). Suppose -i = 3*o - 132. Is 20 a factor of o?
False
Suppose 0 = 11*w - 67 + 1. Does 3 divide w?
True
Let h = -3 + 5. Let y(g) = -g**3 + 7*g**2. Let s be y(6). Is s + 0/((-4)/h) a multiple of 18?
True
Suppose 36*h = 35*h + 87. Is h a multiple of 38?
False
Let c(l) = 2*l**2 + 3*l - 7. Let p be c(-5). Let h = 2 + p. Suppose 6*b = 3*b + h. Does 8 divide b?
False
Let m(a) = 2*a - 7. Let r be m(6). Suppose -2*p = 5*n - 24, 4*n = 5*p + r + 1. Suppose 0*q + n*q = -5*x + 88, 4*x = 3*q + 58. Is x a multiple of 9?
False
Suppose -4*k = -4, -4*f + 7*f - 3*k + 3 = 0. Let w(i) = -i**2 + 14. Does 5 divide w(f)?
False
Let q = 7 - -1. Is q a multiple of 2?
True
Suppose 5*w = 3*w + 24. Suppose 3*q + 3 = w. Suppose -64 - 8 = -q*p. Is 8 a factor of p?
True
Let p(v) be the second derivative of -v**5/20 + 5*v**4/12 + 2*v**3/3 + v**2 + 3*v. Is 8 a factor of p(5)?
False
Let n(t) = 4*t**2 - 13. Is 12 a factor of n(-4)?
False
Let a be 6/9 + (-152)/12. Let w = 34 + a. Does 7 divide w?
False
Let p = 21 - 16. Is 2 a factor of p?
False
Let c = 16 + 4. Does 5 divide c?
True
Does 11 divide 36/(4/8 + 0)?
False
Is 5 a factor of (-42)/(-4) - 12/8?
False
Let t = 2 - -26. Does 14 divide t?
True
Let h = 5 - 8. Let o(a) = a**2 + 7*a. Let l be o(-7). Is l/h + 38*1 a multiple of 13?
False
Suppose -3*g + 2*w = -g - 58, 2*g - w = 55. Let t = 19 + -17. Suppose g = 4*o - t. Does 4 divide o?
False
Suppose 0 = w - 124 - 168. Is w a multiple of 25?
False
Let r(f) = 18*f**3 + 3*f**2 + 2*f + 1. Let p be r(-2). Let k = 194 + p. Let n = k - 36. Is 23 a factor of n?
True
Let z = -65 + 186. Does 57 divide z?
False
Let i = -5 - -8. Let u(p) = -i + 4 - 4*p + p. Is 2 a factor of u(-1)?
True
Suppose 3*b + 3*h - 72 = 0, -3*h - 130 = -5*b + 2*h. Suppose -b = -4*d - d. Does 5 divide d?
True
Let f(a) = 3*a**2 - 7*a - 4. Let x be f(6). Let y = x + 133. Is 10 a factor of y/20 + (-2)/(-8)?
True
Suppose 5 = -b + 9. Suppose -18 = 2*y - b*y. Is 4 a factor of y?
False
Let z be ((-365)/(-20))/(2/8). Suppose 3*r + 4*d - 53 = 0, 0*d = 3*r - d - z. Does 13 divide r?
False
Let v be (-1)/((-3)/300*2). Suppose 3*m = -2*a + m + v, 0 = 5*a + 4*m - 125. Is a a multiple of 14?
False
Let m(y) = 6*y**3 - 3*y**2 + 4*y - 3. Does 5 divide m(2)?
False
Suppose -31 - 8 = o. Is 10 a factor of o/(-3) - 3 - -2?
False
Let d(n) = 2*n - 6. Let x be d(15). Is 15 a factor of (126/27)/(2/x)?
False
Let d(l) be the second derivative of 2*l**4 - l**3/6 + 10*l. Does 9 divide d(1)?
False
Suppose -25 = -3*k - 2*k, 4*w + 4*k - 208 = 0. Let b = 79 - w. Is 20 a factor of b?
False
Suppose -2*z - 88 = -5*z - c, 2*z = 4*c + 54. Is 13 a factor of z?
False
Suppose s + 359 = 4*k + 2*s, 0 = -3*k + 2*s + 272. Is 10 a factor of k?
True
Suppose 0*r + 48 = 3*r. Is 8 a factor of r?
True
Let q be 3/(-9)*0 + 0. Suppose q*t + 4*t = 28. Is 3 a factor of t?
False
Let f(w) = -4 - 3*w - 9 - 2*w - w**2 + 4*w**2. Let k(d) = -d**2 + d + 1. Let y(i) = -f(i) - 4*k(i). Does 9 divide y(0)?
True
Let k = -324 - -483. Is k a multiple of 53?
True
Let m be -2*(-2)/(-2)*2. Let g be m/10 + (-16)/10. Let c(s) = 5*s**2 + 2*s + 1. Does 13 divide c(g)?
False
Suppose -280 = 8*v - 13*v. Does 14 divide v?
True
Suppose 2*y = 90 + 6. Let d = 108 - y. Does 25 divide d?
False
Suppose k - 8*v - 76 = -10*v, -4*k + 5*v = -252. Is 20 a factor of k?
False
Suppose -d = -13 + 1. Let w = 3 - d. Is 4 a factor of (0 - w - 1) + 1?
False
Let r(g) = -24*g - 2. Is 16 a factor of r(-1)?
False
Let y = 130 - 58. Is y a multiple of 12?
True
Suppose -2*f = 5*q - 86, 2*q + 5*f = 3 + 23. Does 12 divide q?
False
Let n = -117 - -177. Is n a multiple of 30?
True
Let z be (-1)/(-3)*(2 + -5). Let b(v) = -11*v. Is b(z) a multiple of 11?
True
Let k = 96 + -59. Does 3 divide k?
False
Let c(t) be the second derivative of 2*t**6/45 - t**4/4 + 3*t. Let n(u) be the third derivative of c(u). Does 16 divide n(1)?
True
Let p = 14 - 7. Suppose -5*u + 25 = 0, 3*m + p*u - 2*u = 55. Is m a multiple of 10?
True
Let u = -40 + 67. Does 9 divide u?
True
Suppose -56 = 7*n - 11*n. Does 3 divide n?
False
Let a(d) be the second derivative of -5*d**3/6 - 5*d**2/2 + 4*d. Is 25 a factor of a(-6)?
True
Let w be (-1)/(-2)*(-3 + 5). Let c be (1 + 0 - -8) + w. Is 4 a factor of 8/(-5)*(-25)/c?
True
Suppose 3*x + 34 = 2*f, -3*f + 3*x + 74 = f. Is f a multiple of 12?
False
Is (12/(-24))/(2/(-12)) a multiple of 3?
True
Suppose 3*q + q = 0. Suppose 0 = -4*w - j + 118 + 45, 5*w + 5*j - 185 = 0. Suppose -3*c + w + 24 = q. Does 11 divide c?
True
Suppose 0 = -11*i + 13*i - 12. Is i a multiple of 3?
True
Suppose 76 = -4*t - 4*d, -t = 3*d - 0*d + 27. Suppose -3*c + 7*c - 2*z - 102 = 0, -3*c + 78 = -3*z. Let m = c + t. Is m a multiple of 5?
True
Let q(a) = -a**2 - 12*a + 17. Let x be q(-13). Does 14 divide 41 + (x*-1)/(-4)?
True
Suppose 0*h + 3*h + 45 = 0. Let r be (2 - (-12)/15)*h. Let u = r + 69. Does 16 divide u?
False
Let z(r) = r**3 - 4*r**2 + 2. Let m be z(5). Suppose 3 - m = -2*y. Is y a multiple of 6?
True
Let b(f) = 27*f + 12. Let q(c) = -13*c - 6. Let z(m) = -4*b(m) - 9*q(m). Does 30 divide z(6)?
True
Suppose -4*a - 2 = -1